{"id":67,"date":"2023-03-24T15:09:14","date_gmt":"2023-03-24T15:09:14","guid":{"rendered":"https:\/\/allercoaching.de\/?page_id=67"},"modified":"2025-11-04T11:16:07","modified_gmt":"2025-11-04T11:16:07","slug":"impressum","status":"publish","type":"page","link":"https:\/\/allercoaching.de\/?page_id=67","title":{"rendered":"Impressum"},"content":{"rendered":"\n<p><strong>Angaben gem\u00e4\u00df \u00a7 5 TMG<\/strong><br><br>Oliver Geweke<br>Artilleriestra\u00dfe 6<br>27283 Verden<br><br><strong>Kontakt<\/strong><br><br>Telefon: 01575-5002365<br>E-Mail:\u00a0allercoaching@gmx.de<br><\/p>\n\n\n\n<h3 class=\"wp-block-heading\" id=\"1916090978\"><strong>Datenschutz&nbsp;<\/strong><\/h3>\n\n\n\n<h4 class=\"wp-block-heading\" id=\"1144216550\">Datenschutzerkl\u00e4rung<\/h4>\n\n\n\n<p>Diese Webseite dient allein dazu, Ihnen mein Coaching-Angebot vorzustellen. Eine Registrierung etc. ist nicht erforderlich. F\u00fcr die Webseiten-Analyse werden Tracking-Daten erhoben, die Sie ablehnen k\u00f6nnen.&nbsp;<\/p>\n\n\n\n<p><strong>\u00dcber die Datenverarbeitung<\/strong><\/p>\n\n\n\n<p>Sobald Sie meine Webseite besuchen, speichert der Webserver tempor\u00e4r Informationen Ihres Browsers in einer Protokolldatei.&nbsp;<\/p>\n\n\n\n<p>Folgende Daten werden erfasst und bis zur automatisierten L\u00f6schung gespeichert:&nbsp;<\/p>\n\n\n\n<p>&nbsp; &nbsp; \u2022 IP-Adresse des zugreifenden Rechners&nbsp;<\/p>\n\n\n\n<p>&nbsp; &nbsp; \u2022 Datum und Uhrzeit der Anfrage<\/p>\n\n\n\n<p>&nbsp; &nbsp; \u2022 Name und URL der besuchten Seite<\/p>\n\n\n\n<p>&nbsp; &nbsp; \u2022 \u00fcbertragene Datenmenge<\/p>\n\n\n\n<p>&nbsp; &nbsp; \u2022 Meldung, ob Abruf erfolgreich war<\/p>\n\n\n\n<p>&nbsp; &nbsp; \u2022 Information zum verwendeten Browser- und Betriebssystems.<\/p>\n\n\n\n<p>Es ist f\u00fcr mich nicht m\u00f6glich, die Daten personenbezogen auszuwerten. Eine Zusammenf\u00fchrung dieser Daten mit anderen Datenquellen wird nicht vorgenommen.<\/p>\n\n\n\n<p>Nutzung Ihrer Daten<\/p>\n\n\n\n<p>Sie haben \u00fcber die Webseite die M\u00f6glichkeit mich telefonisch oder per Mail zu kontaktieren. Sofern Sie mir eine Email schreiben, gehe ich von Ihrem Einverst\u00e4ndnis aus, dass ich Ihnen antworte und ihre pers\u00f6nlichen Daten, wie Name, Anschrift, etc. f\u00fcr unsere Kommunikation nutze. Ich m\u00f6chte darauf hinweisen, dass Emails als Internetkommunikation Sicherheitsl\u00fccken beinhalten k\u00f6nnen.&nbsp;<\/p>\n\n\n\n<p>Nach Abschluss unserer Zusammenarbeit l\u00f6sche ich Ihre Daten. Rechnungen hebe ich gem\u00e4\u00df der steuerlichen Vorgaben auf.&nbsp;<\/p>\n\n\n\n<p>Informationspflichten nach der DGSVO:<\/p>\n\n\n\n<p>Sie haben jederzeit das Recht auf eine kostenfreie Auskunft \u00fcber die Verwendung ihrer Daten, die Berichtigung und L\u00f6schung.&nbsp;<\/p>\n\n\n\n<p>Diesbez\u00fcglich und auch zu weiteren Fragen wenden Sie sich an mich (Kontaktdaten im Impressum). Wenn Sie den Eindruck haben, dass ich gegen die Vorschriften der DGSVO versto\u00dfe, k\u00f6nnen Sie sich an die Landesdatenschutzbeauftragte in Niedersachsen wenden.&nbsp;<\/p>\n\n\n\n<p>zuletzt ge\u00e4ndert am 14.04. 2023<\/p>\n\n\n\n<p><br>EU-Streitschlichtung<br>Die Europ\u00e4ische Kommission stellt eine Plattform zur Online-Streitbeilegung (OS) bereit: https:\/\/ec.europa.eu\/consumers\/odr\/. <br>Unsere E-Mail-Adresse finden Sie oben im Impressum.<\/p>\n","protected":false},"excerpt":{"rendered":"<p>Angaben gem\u00e4\u00df \u00a7 5 TMG Oliver GewekeArtilleriestra\u00dfe 627283 Verden Kontakt Telefon: 01575-5002365E-Mail:\u00a0allercoaching@gmx.de Datenschutz&nbsp; Datenschutzerkl\u00e4rung Diese Webseite dient allein dazu, Ihnen mein Coaching-Angebot vorzustellen. Eine Registrierung etc. ist nicht erforderlich. F\u00fcr die Webseiten-Analyse werden Tracking-Daten erhoben,<span class=\"more-dots\">&#8230;<\/span><\/p>\n","protected":false},"author":1,"featured_media":0,"parent":0,"menu_order":0,"comment_status":"closed","ping_status":"closed","template":"","meta":{"footnotes":""},"class_list":["post-67","page","type-page","status-publish","hentry","no-post-thumbnail"],"_links":{"self":[{"href":"https:\/\/allercoaching.de\/index.php?rest_route=\/wp\/v2\/pages\/67","targetHints":{"allow":["GET"]}}],"collection":[{"href":"https:\/\/allercoaching.de\/index.php?rest_route=\/wp\/v2\/pages"}],"about":[{"href":"https:\/\/allercoaching.de\/index.php?rest_route=\/wp\/v2\/types\/page"}],"author":[{"embeddable":true,"href":"https:\/\/allercoaching.de\/index.php?rest_route=\/wp\/v2\/users\/1"}],"replies":[{"embeddable":true,"href":"https:\/\/allercoaching.de\/index.php?rest_route=%2Fwp%2Fv2%2Fcomments&post=67"}],"version-history":[{"count":11,"href":"https:\/\/allercoaching.de\/index.php?rest_route=\/wp\/v2\/pages\/67\/revisions"}],"predecessor-version":[{"id":181,"href":"https:\/\/allercoaching.de\/index.php?rest_route=\/wp\/v2\/pages\/67\/revisions\/181"}],"wp:attachment":[{"href":"https:\/\/allercoaching.de\/index.php?rest_route=%2Fwp%2Fv2%2Fmedia&parent=67"}],"curies":[{"name":"wp","href":"https:\/\/api.w.org\/{rel}","templated":true}]}}