{"id":53,"date":"2023-03-24T14:54:19","date_gmt":"2023-03-24T14:54:19","guid":{"rendered":"https:\/\/allercoaching.de\/?page_id=53"},"modified":"2026-01-07T09:33:54","modified_gmt":"2026-01-07T09:33:54","slug":"aller-coaching","status":"publish","type":"page","link":"https:\/\/allercoaching.de\/?page_id=53","title":{"rendered":"Angebote"},"content":{"rendered":"\n<figure class=\"wp-block-image size-large is-resized has-custom-border\"><img loading=\"lazy\" decoding=\"async\" width=\"1024\" height=\"768\" src=\"https:\/\/allercoaching.de\/wp-content\/uploads\/2023\/06\/Aller-1024x768.jpg\" alt=\"\" class=\"wp-image-146\" style=\"border-width:1px;border-radius:13px;width:636px;height:476px\" srcset=\"https:\/\/allercoaching.de\/wp-content\/uploads\/2023\/06\/Aller-1024x768.jpg 1024w, https:\/\/allercoaching.de\/wp-content\/uploads\/2023\/06\/Aller-300x225.jpg 300w, https:\/\/allercoaching.de\/wp-content\/uploads\/2023\/06\/Aller-768x576.jpg 768w, https:\/\/allercoaching.de\/wp-content\/uploads\/2023\/06\/Aller-1536x1152.jpg 1536w, https:\/\/allercoaching.de\/wp-content\/uploads\/2023\/06\/Aller-2048x1536.jpg 2048w, https:\/\/allercoaching.de\/wp-content\/uploads\/2023\/06\/Aller-1140x855.jpg 1140w\" sizes=\"auto, (max-width: 1024px) 100vw, 1024px\" \/><\/figure>\n\n\n\n<p><\/p>\n\n\n\n<p><\/p>\n\n\n\n<p class=\"has-background\" style=\"background-color:#17e63845\"><strong>Auftragskl\u00e4rung<\/strong><br><br>Zu Beginn eines Coaching Prozesses, steht ein unverbindlicher Anruf oder eine Mail von Ihnen. <br>Wenn Sie n\u00e4her interessiert sind, findet ein Auftrags- Kl\u00e4rungs- Gespr\u00e4ch statt. Hier wird in einem vorgeschalteten kostenlosen einst\u00fcndigen Gespr\u00e4ch der Rahmen abgesprochen. Die jeweiligen Coaching Sitzungen biete ich in Pr\u00e4senz an.<br><br>Fragestellungen der Auftragskl\u00e4rung sind:<br>Mit welchem Thema, welcher Fragestellung starten Sie in den Coaching Prozess<br>Wie ist der notwendige oder zur Verf\u00fcgung stehende Zeitrahmen<br>An welchem Ort findet das Coaching statt. In der Regel ist dies in meinen R\u00e4umen, oder aber auch bei <br>Gruppen\/ Team- Coaching in Institutionen der jeweiligen Gruppe oder Organisation<br>Welche Kosten entstehen und welche Finanzierungsm\u00f6glichkeiten gibt es<\/p>\n\n\n\n<p><\/p>\n\n\n\n<p class=\"has-background\" style=\"background-color:#17e63845\"><strong>Einzelcoaching<\/strong><br><br>Ein Schwerpunkt meiner Coaching Angebote liegt im Bereich des Einzelcoaching zu Themen wie:<br>berufliche Perspektive,<br>zwischenmenschlichen Interaktion und Kommunikation<br>pers\u00f6nlichen Weiterentwicklung <br>Das Coaching kann in meinen R\u00e4umen, aber auch im nahe gelegenen Verdener Stadtwald stattfinden.<\/p>\n\n\n\n<p><\/p>\n\n\n\n<p class=\"has-background\" style=\"background-color:#17e63845\"><strong>Coaching f\u00fcr Gruppen, Teams und Non Profit Organisationen <\/strong><br><br>Im Coaching f\u00fcr Gruppen oder Institutionen liegt der Schwerpunkt in der Organisations- und Teamentwicklung f\u00fcr Non Profit Organisationen. Themen wie Visionsentwicklung, Strategieentwicklung, Organisationsentwicklung, Agiles Arbeiten und Teamentwicklung k\u00f6nnen erfahren begleitet werden. Hierbei spielen folgende Faktoren h\u00e4ufig eine wichtige Rolle:<br>Kommunikation in Teamsituationen &#8211; Wenn der Dialog entgleist\u2013<br>Wertsch\u00e4tzende Kommunikation<br>Kl\u00e4rung von Rollenbildern<br>St\u00e4rken im Team oder in der Organisation erkennen und nutzen<\/p>\n\n\n\n<p><\/p>\n\n\n\n<p class=\"has-light-background-color has-background\"><\/p>\n\n\n\n<p class=\"has-background\" style=\"background-color:#6bcd70\"><strong>Pers\u00f6nliche Zukunftsplanung f\u00fcr Menschen mit und ohne Behinderung<\/strong><br>&nbsp;<br>Ich biete die Pers\u00f6nliche Zukunftsplanung f\u00fcr Menschen mit Beeintr\u00e4chtigungen an. Auf Grund meiner langj\u00e4hrigen Erfahrung aus diesem Bereich baue ich einen Dialog auf, der die Grundlage bildet um f\u00fcr jeden Menschen seine Zukunft zu planen.&nbsp; Die in der Methode der pers\u00f6nlichen Zukunftsplanung  hinterlegten Module k\u00f6nnen eingesetzt werden, damit Menschen mit einer erschwerten Ausgangsbedingung Ihre eigenen Ziele, W\u00fcnsche und Lebensplanungen sichtbar machen k\u00f6nnen. Die pers\u00f6nliche Zukunftsplanung wird mit einem Unterst\u00fctzerkreis durchgef\u00fchrt, der aus Personen besteht, welche der betroffene Mensch selbst zusammen stellt.<\/p>\n\n\n\n<p><\/p>\n\n\n\n<p><\/p>\n\n\n\n<div class=\"wp-block-group is-layout-constrained wp-block-group-is-layout-constrained\"><\/div>\n","protected":false},"excerpt":{"rendered":"<p>Auftragskl\u00e4rung Zu Beginn eines Coaching Prozesses, steht ein unverbindlicher Anruf oder eine Mail von Ihnen. Wenn Sie n\u00e4her interessiert sind, findet ein Auftrags- Kl\u00e4rungs- Gespr\u00e4ch statt. Hier wird in einem vorgeschalteten kostenlosen einst\u00fcndigen Gespr\u00e4ch der<span class=\"more-dots\">&#8230;<\/span><\/p>\n","protected":false},"author":1,"featured_media":0,"parent":0,"menu_order":0,"comment_status":"closed","ping_status":"closed","template":"","meta":{"footnotes":""},"class_list":["post-53","page","type-page","status-publish","hentry","no-post-thumbnail"],"_links":{"self":[{"href":"https:\/\/allercoaching.de\/index.php?rest_route=\/wp\/v2\/pages\/53","targetHints":{"allow":["GET"]}}],"collection":[{"href":"https:\/\/allercoaching.de\/index.php?rest_route=\/wp\/v2\/pages"}],"about":[{"href":"https:\/\/allercoaching.de\/index.php?rest_route=\/wp\/v2\/types\/page"}],"author":[{"embeddable":true,"href":"https:\/\/allercoaching.de\/index.php?rest_route=\/wp\/v2\/users\/1"}],"replies":[{"embeddable":true,"href":"https:\/\/allercoaching.de\/index.php?rest_route=%2Fwp%2Fv2%2Fcomments&post=53"}],"version-history":[{"count":22,"href":"https:\/\/allercoaching.de\/index.php?rest_route=\/wp\/v2\/pages\/53\/revisions"}],"predecessor-version":[{"id":199,"href":"https:\/\/allercoaching.de\/index.php?rest_route=\/wp\/v2\/pages\/53\/revisions\/199"}],"wp:attachment":[{"href":"https:\/\/allercoaching.de\/index.php?rest_route=%2Fwp%2Fv2%2Fmedia&parent=53"}],"curies":[{"name":"wp","href":"https:\/\/api.w.org\/{rel}","templated":true}]}}