{"id":2,"date":"2023-03-21T17:20:06","date_gmt":"2023-03-21T17:20:06","guid":{"rendered":"http:\/\/allercoaching.de\/?page_id=2"},"modified":"2025-11-30T19:15:26","modified_gmt":"2025-11-30T19:15:26","slug":"sample-page","status":"publish","type":"page","link":"https:\/\/allercoaching.de\/","title":{"rendered":"Aller Coaching"},"content":{"rendered":"\n<p><strong>Systemisches Coaching in der ALLER- Region und f\u00fcr ALLE Menschen &#8211;<\/strong><\/p>\n\n\n\n<figure class=\"wp-block-image size-full is-resized has-custom-border\"><img loading=\"lazy\" decoding=\"async\" width=\"804\" height=\"686\" src=\"https:\/\/allercoaching.de\/wp-content\/uploads\/2025\/11\/Oliver-Geweke.png\" alt=\"\" class=\"wp-image-184\" style=\"border-width:1px;border-radius:13px;aspect-ratio:1.251121076233184;width:654px;height:auto\" srcset=\"https:\/\/allercoaching.de\/wp-content\/uploads\/2025\/11\/Oliver-Geweke.png 804w, https:\/\/allercoaching.de\/wp-content\/uploads\/2025\/11\/Oliver-Geweke-300x256.png 300w, https:\/\/allercoaching.de\/wp-content\/uploads\/2025\/11\/Oliver-Geweke-768x655.png 768w\" sizes=\"auto, (max-width: 804px) 100vw, 804px\" \/><\/figure>\n\n\n\n<p><\/p>\n\n\n\n<p class=\"has-text-align-center\" id=\"block-7121576f-a9d5-4e8b-bf3a-5f694d2c183b\">&#8222;<em>Der Mensch wird am Du zum Ich\u201c<\/em><br>&#8211; <em>Martin Buber, 1923<\/em> &#8211;<\/p>\n\n\n\n<p><\/p>\n\n\n\n<p>\u00dcberlegen Sie welche beruflichen Wege Sie einschlagen wollen? <\/p>\n\n\n\n<p>Welche Vorhaben wollen Sie sich privat vornehmen?<\/p>\n\n\n\n<p>Welche Wege wollen Sie einschlagen um gl\u00fccklich zu Leben?<\/p>\n\n\n\n<p>Das Leben h\u00e4lt unendlich viele M\u00f6glichkeiten f\u00fcr Sie offen, wie entscheiden Sie sich f\u00fcr die richtige?<\/p>\n\n\n\n<p>Sie wollen sich als F\u00fchrungskraft und Ihr Team weiter entwickeln?<\/p>\n\n\n\n<p>Sie oder Ihre Organisation wollen sich weiter entwickeln oder strategische Planungen voran treiben?<\/p>\n\n\n\n<p>Durch ein systemisches  Coaching k\u00f6nnen Sie sich auf den Weg machen Ihren eigenen  Weg zu finden.  Ich werde Sie dabei begleiten. Sie werden sich im Coaching Prozess selbst st\u00e4rken oder durch einen Unterst\u00fctzerkreis bei der pers\u00f6nlichen Zukunftsplanung gest\u00e4rkt werden. <\/p>\n\n\n\n<p>Dabei habe ich als Coach die grunds\u00e4tzliche Haltung, dass Sie die L\u00f6sung Ihrer Fragestellungen, oder das Wissen um den Weg den Sie gehen m\u00f6chte, bereits in sich tragen. Um die L\u00f6sungen oder den Weg f\u00fcr jeden einzelnen oder die Gruppe zu finden, braucht es einen angemessenen (Denk \u2013 und F\u00fchl) Rahmen. Diesen sicheren Rahmen  aus wertsch\u00e4tzender Haltung, offenen und zielgerichteten Fragen, aktivem Zuh\u00f6ren, n\u00fctzlichen Zusammenfassungen und best\u00e4rkenden R\u00fcckmeldungen, stelle ich f\u00fcr Sie als einzelnen oder als Gruppe zur Verf\u00fcgung.<br><\/p>\n\n\n\n<p><\/p>\n","protected":false},"excerpt":{"rendered":"<p>Systemisches Coaching in der ALLER- Region und f\u00fcr ALLE Menschen &#8211; &#8222;Der Mensch wird am Du zum Ich\u201c&#8211; Martin Buber, 1923 &#8211; \u00dcberlegen Sie welche beruflichen Wege Sie einschlagen wollen? Welche Vorhaben wollen Sie sich<span class=\"more-dots\">&#8230;<\/span><\/p>\n","protected":false},"author":1,"featured_media":13,"parent":0,"menu_order":0,"comment_status":"closed","ping_status":"open","template":"","meta":{"footnotes":""},"class_list":["post-2","page","type-page","status-publish","has-post-thumbnail","hentry"],"_links":{"self":[{"href":"https:\/\/allercoaching.de\/index.php?rest_route=\/wp\/v2\/pages\/2","targetHints":{"allow":["GET"]}}],"collection":[{"href":"https:\/\/allercoaching.de\/index.php?rest_route=\/wp\/v2\/pages"}],"about":[{"href":"https:\/\/allercoaching.de\/index.php?rest_route=\/wp\/v2\/types\/page"}],"author":[{"embeddable":true,"href":"https:\/\/allercoaching.de\/index.php?rest_route=\/wp\/v2\/users\/1"}],"replies":[{"embeddable":true,"href":"https:\/\/allercoaching.de\/index.php?rest_route=%2Fwp%2Fv2%2Fcomments&post=2"}],"version-history":[{"count":24,"href":"https:\/\/allercoaching.de\/index.php?rest_route=\/wp\/v2\/pages\/2\/revisions"}],"predecessor-version":[{"id":195,"href":"https:\/\/allercoaching.de\/index.php?rest_route=\/wp\/v2\/pages\/2\/revisions\/195"}],"wp:featuredmedia":[{"embeddable":true,"href":"https:\/\/allercoaching.de\/index.php?rest_route=\/wp\/v2\/media\/13"}],"wp:attachment":[{"href":"https:\/\/allercoaching.de\/index.php?rest_route=%2Fwp%2Fv2%2Fmedia&parent=2"}],"curies":[{"name":"wp","href":"https:\/\/api.w.org\/{rel}","templated":true}]}}